6
Calculate the greatest common divisor of 138523 and 11858.
539
Calculate the greatest common factor of 13328 and 539.
49
What is the greatest common divisor of 156 and 567736?
52
What is the highest common divisor of 32810 and 9457?
193
Calculate the greatest common factor of 1880 and 16.
8
What is the greatest common divisor of 13036023 and 77?
77
What is the highest common divisor of 1596 and 116774?
266
What is the highest common factor of 6055 and 175?
35
What is the greatest common divisor of 124 and 211482?
62
What is the greatest common divisor of 58828 and 3542?
154
Calculate the greatest common factor of 96833 and 11.
11
What is the greatest common factor of 2825 and 800?
25
Calculate the greatest common factor of 27 and 201501.
27
What is the highest common divisor of 711342 and 27?
27
What is the greatest common factor of 182 and 64519?
91
What is the highest common divisor of 470 and 4967665?
235
Calculate the highest common factor of 61 and 3139731.
61
Calculate the highest common divisor of 700 and 23660.
140
What is the greatest common divisor of 10560 and 12?
12
Calculate the highest common factor of 1464 and 242109.
183
What is the highest common factor of 2346 and 32181?
51
Calculate the greatest common divisor of 289 and 6732.
17
Calculate the highest common divisor of 1189592 and 136.
136
What is the greatest common factor of 12 and 80022?
6
What is the greatest common divisor of 203 and 4767?
7
What is the highest common factor of 11718 and 42336?
378
What is the greatest common factor of 454 and 15209?
227
Calculate the highest common divisor of 22902 and 6402.
66
What is the greatest common factor of 33 and 20317?
11
What is the highest common factor of 32040 and 684?
36
What is the greatest common factor of 1363808 and 12971?
1853
What is the highest common divisor of 858612 and 84?
12
What is the highest common factor of 1001 and 16835?
91
What is the greatest common divisor of 121844 and 7802?
166
What is the highest common factor of 428 and 79929?
107
Calculate the highest common factor of 5220871 and 106.
53
What is the highest common factor of 40905 and 30?
15
What is the greatest common factor of 80 and 39080?
40
What is the highest common factor of 105 and 246855?
105
What is the greatest common factor of 118 and 18098?
2
Calculate the highest common factor of 166332 and 249.
249
What is the highest common factor of 169144 and 8?
8
What is the highest common factor of 1290 and 195478?
86
What is the highest common divisor of 87984 and 130?
26
What is the highest common divisor of 221362 and 2?
2
What is the highest common divisor of 17501 and 712657?
407
What is the greatest common factor of 632 and 106887?
79
Calculate the highest common divisor of 14756 and 248.
124
Calculate the highest common divisor of 7120 and 72.
8
What is the highest common factor of 12324130 and 14?
14
Calculate the greatest common factor of 114048 and 4455.
891
What is the greatest common factor of 7322 and 28?
14
What is the greatest common divisor of 6 and 337569?
3
Calculate the highest common divisor of 2119 and 770175.
163
What is the greatest common factor of 3258 and 1266?
6
What is the highest common factor of 18 and 16780?
2
Calculate the highest common divisor of 80 and 134360.
40
What is the greatest common factor of 2663 and 337?
1
Calculate the greatest common factor of 1974 and 5184382.
658
What is the greatest common factor of 14744 and 41128?
776
What is the greatest common factor of 871 and 335?
67
Calculate the highest common divisor of 180 and 103100.
20
What is the highest common factor of 1274537 and 121?
11
What is the highest common factor of 374 and 10406?
22
What is the highest common divisor of 122 and 25437?
61
What is the highest common divisor of 864500 and 798?
266
What is the greatest common factor of 270 and 32411880?
270
What is the greatest common divisor of 367 and 861349?
367
Calculate the highest common factor of 56700 and 2250.
450
What is the highest common factor of 11171211 and 879?
879
What is the highest common factor of 51748 and 476?
68
What is the greatest common factor of 15 and 68075?
5
Calculate the greatest common divisor of 88 and 874390.
22
Calculate the greatest common factor of 210147 and 357.
21
Calculate the highest common factor of 1958 and 6974.
22
What is the highest common divisor of 33775 and 70?
35
Calculate the greatest common factor of 931 and 13965.
931
What is the greatest common divisor of 469 and 10519?
67
What is the highest common factor of 1134 and 2514?
6
What is the greatest common factor of 96 and 22272?
96
What is the greatest common factor of 44 and 61492?
4
What is the highest common factor of 57116 and 1308?
436
Calculate the greatest common divisor of 85255 and 183515.
1445
Calculate the highest common divisor of 64 and 33688.
8
Calculate the highest common factor of 1520 and 21040.
80
Calculate the highest common factor of 179 and 152687.
179
Calculate the highest common divisor of 570 and 93765.
285
Calculate the greatest common factor of 2290 and 2339006.
458
What is the greatest common factor of 30238 and 94203?
1163
Calculate the greatest common factor of 13887734 and 28.
14
Calculate the highest common divisor of 2384 and 801322.
298
What is the greatest common divisor of 3 and 205503?
3
What is the highest common divisor of 88 and 3816?
8
Calculate the highest common divisor of 78 and 3591848.
26
Calculate the highest common factor of 73172 and 484.
44
Calculate the highest common factor of 1684683 and 1071.
1071
What is the highest common divisor of 261 and 81?
9
What is the greatest common factor of 103734 and 3294?
54
Calculate the highest common divisor of 756 and 38248.
28
Calculate the highest common divisor of 187458 and 2388.
1194
Calculate the greatest common divisor of 2024 and 5428.
92
Calculate the greatest common divisor of 200 and 206120.
40
What is the highest common factor of 11 and 745745?
11
Calculate the highest common divisor of 3117870 and 147.
147
What is the highest common divisor of 2760 and 76728?
552
Calculate the highest common factor of 8957 and 53.
53
What is the greatest common divisor of 4928702 and 188?
94
Calculate the greatest common divisor of 1209 and 1829.
31
What is the highest common factor of 4 and 234661?
1
Calculate the highest common divisor of 1891 and 5580.
31
Calculate the highest common divisor of 14807 and 442.
221
Calculate the greatest common factor of 150 and 327350.
50
What is the highest common divisor of 110058 and 78?
78
Calculate the greatest common divisor of 8 and 152408.
8
Calculate the highest common divisor of 809400 and 9690.
570
What is the greatest common divisor of 40 and 6952?
8
What is the greatest common factor of 10052460 and 12?
12
What is the greatest common divisor of 5658 and 517830?
246
What is the greatest common divisor of 4040 and 2160?
40
What is the greatest common divisor of 2717 and 169026?
143
What is the greatest common factor of 39696 and 1152?
48
Calculate the highest common factor of 314 and 27274354.
314
Calculate the highest common divisor of 31968 and 1008.
144
What is the highest common factor of 10 and 6865?
5
What is the greatest common factor of 1197234 and 81?
27
What is the greatest common divisor of 24 and 976776?
24
What is the highest common factor of 1090 and 4490?
10
What is the highest common divisor of 760 and 24890?
190
Calculate the highest common factor of 34933 and 2353.
181
Calculate the highest common divisor of 2515986 and 4268.
2134
Calculate the highest common divisor of 570688 and 74.
74
What is the highest common divisor of 387 and 2421?
9
Calculate the greatest common factor of 33831 and 108.
27
Calculate the highest common factor of 21 and 1351.
7
Calculate the greatest common divisor of 168 and 14336.
56
What is the highest common divisor of 108134 and 1118?
26
What is the greatest common divisor of 334296 and 90?
18
What is the highest common factor of 570 and 223890?
30
Calculate the highest common divisor of 269790 and 186.
6
Calculate the greatest common divisor of 382058 and 5202.
578
Calculate the greatest common divisor of 12709 and 568.
71
Calculate the greatest common divisor of 78366 and 39738.
222
What is the greatest co